in base 3?
-201000011100
66030 (base 8) to base 2
110110000011000
What is -342441130 (base 6) in base 13?
-13c23ab
What is -111100011011010110101 (base 2) in base 10?
-1980085
What is -33120322233 (base 4) in base 2?
-1111011000111010101111
What is -38097 (base 13) in base 15?
-20973
Convert 243114003 (base 5) to base 3.
2011011110220
Convert 1448323 (base 9) to base 12.
326b49
3101241302 (base 5) to base 12
2127155
What is -101000110110111110101 (base 2) in base 4?
-11012313311
-2427405 (base 9) to base 10
-1317632
-242104431 (base 5) to base 6
-40105353
What is 17d18 (base 14) in base 7?
340331
Convert -3422450 (base 7) to base 9.
-718185
What is 4826a (base 13) in base 12?
64646
132dd2 (base 15) to base 12
385082
Convert 31221173 (base 8) to base 15.
8adc93
Convert -2e49 (base 16) to base 4.
-2321021
268808 (base 10) to base 6
5432252
Convert 16409 (base 12) to base 10.
31689
Convert 200545012 (base 6) to base 16.
33f260
What is 26398 (base 11) in base 9?
56681
Convert 47a5b7 (base 14) to base 15.
335879
Convert -55052115 (base 6) to base 11.
-a20106
What is 247535 (base 8) in base 10?
85853
Convert 19c27 (base 14) to base 2.
1111111111011011
-1104401103 (base 6) to base 2
-101101101011101001111111
-4003420 (base 5) to base 4
-33120021
Convert -c1d0b7 (base 16) to base 15.
-11ad7be
-5071530 (base 10) to base 3
-100112122211110
Convert -86050 (base 9) to base 7.
-324624
Convert -8c7d (base 14) to base 4.
-11331133
What is -339b (base 16) in base 13?
-6023
426725 (base 8) to base 13
50000
-4984a49 (base 11) to base 4
-201002013122
What is 72207 (base 10) in base 11?
4a283
Convert -1b1882 (base 16) to base 12.
-71776a
What is 110101001100001 (base 2) in base 6?
330025
What is -1325037 (base 8) in base 9?
-625208
34455125 (base 6) to base 11
668298
Convert 201001110 (base 3) to base 9.
21043
What is -1000110011111011011010 (base 2) in base 7?
-25430154
-51474511 (base 8) to base 12
-37a1809
23c387 (base 13) to base 8
3206323
5a6bb8 (base 12) to base 11
90a6a7
What is 118b79 (base 14) in base 8?
2224607
What is 21121 (base 15) in base 11?
71887
Convert -85363 (base 14) to base 3.
-121100022200
What is -241e9 (base 15) in base 13?
-40581
Convert 3606212 (base 7) to base 6.
13434522
Convert 511315 (base 10) to base 7.
4226500
Convert -202466 (base 7) to base 13.
-12953
Convert -5067da (base 15) to base 12.
-1342021
What is -120011102 (base 3) in base 15?
-341e
What is -1011110111000100010 (base 2) in base 3?
-201202010011
-140422114 (base 6) to base 3
-12022221212201
What is -104005452 (base 6) in base 12?
-760888
1703474 (base 8) to base 10
493372
What is -12202221010102 (base 3) in base 9?
-5687112
Convert 4234342 (base 5) to base 15.
16182
What is -522846 (base 13) in base 12?
-786913
What is -14525 (base 6) in base 8?
-4465
What is 64d55 (base 14) in base 13?
87147
What is -5999633 (base 10) in base 16?
-5b8c11
Convert -422455 (base 6) to base 15.
-a272
15267875 (base 9) to base 15
a02d22
What is 968a34 (base 12) in base 13?
653c20
Convert -19a778 (base 12) to base 9.
-761482
Convert -71680 (base 13) to base 12.
-9974a
What is 24517011 (base 8) in base 9?
11162150
-b2958e (base 16) to base 13
-256a182
-1662796 (base 10) to base 3
-10010110221001
-25110440 (base 6) to base 15
-10cb2c
Convert -44200 (base 16) to base 7.
-2241346
Convert 39082 (base 13) to base 4.
121301122
Convert 4255443 (base 6) to base 12.
a1583
-10495 (base 12) to base 16
-53b1
263011 (base 13) to base 2
11100000101111101101
-10350830 (base 9) to base 11
-2900843
Convert -3105436 (base 7) to base 12.
-15b124
Convert -91678 (base 11) to base 3.
-20210200200
What is 33b689 (base 12) in base 13?
230259
-1020324332 (base 5) to base 16
-205b90
26e (base 16) to base 7
1546
What is 1405432 (base 6) in base 10?
79004
Convert -10100010010100000001000 (base 2) to base 15.
-700d79
Convert -3334414 (base 5) to base 12.
-29ba6
What is 21934 (base 12) in base 8?
126770
-41026 (base 14) to base 6
-3204134
What is 84984 (base 10) in base 8?
245770
-6666150 (base 7) to base 2
-11001000111111110100
3909206 (base 11) to base 6
401124025
Convert -10444330203 (base 5) to base 4.
-230223331330
What is -69732 (base 13) in base 14?
-50163
Convert -10344306 (base 7) to base 5.
-211310333
Convert -110130310 (base 4) to base 9.
-136811
What is 54587 (base 9) in base 15?
aada
Convert -316950 (base 16) to base 6.
-153223440
What is 210100102031 (base 4) in base 14?
139572d
Convert -1007008 (base 14) to base 2.
-11100110010111101010000
Convert 516143 (base 7) to base 9.
144445
Convert -110100001110110110111 (base 2) to base 5.
-414232133
Convert 2355035 (base 7) to base 8.
1110711
Convert 362934 (base 11) to base 6.
20153015
What is 111101100111011000110 (base 2) in base 10?
2019014
-11001100100101111011 (base 2) to base 10
-838011
What is 4934721 (base 11) in base 4?
200300021130
Convert 122b03 (base 12) to base 7.
2340033
100522520 (base 6) to base 12
6b0440
What is -8566 (base 15) in base 16?
-6e3d
Convert -511054 (base 9) to base 14.
-7c3b2
-11483224 (base 9) to base 5
-2413333330
-19d74 (base 14) to base 6
-1224242
What is -328aa7 (base 12) in base 7?
-6554104
Convert 7744740 (base 8) to base 3.
10220211202010
What is -12102022200012 (base 3) in base 9?
-5368605
What is -130330 (base 5) in base 7?
-20561
-17c16 (base 15) to base 8
-226253
What is 26606 (base 8) in base 14?
4366
Convert 2628177 (base 9) to base 3.
2200222012121
-1350015 (base 7) to base 14
-498b5
What is -211110212 (base 3) in base 13?
-75c5
146362 (base 10) to base 5
14140422
What is -367471 (base 9) in base 4?
-312030310
-895470 (base 10) to base 3
-1200111100120
What is 1114144320 (base 5) in base 16?
2600d9
Convert c21d9 (base 15) to base 5.
124132204
Convert 111111110100101101 (base 2) to base 12.
107351
-482203 (base 15) to base 3
-20111021002210
What is 2dedc6 (base 16) in base 6?
144303050
Convert 2419862 (base 10) to base 7.
26365664
Convert -320581 (base 11) to base 10.
-513129
-436971 (base 10) to base 4
-1222223223
Convert -10101111110101011 (base 2) to base 12.
-44123
What is 327c (base 13) in base 10?
7032
1101608 (base 9) to base 12
246515
What is -40430441 (base 5) in base 6?
-11001512
-11110010011011100001 (base 2) to base 14
-1bbc41
5a3e57 (base 15) to base 5
2101111412
-2672601 (base 8) to base 5
-143012402
-119824 (base 10) to base 11
-82031
Convert 111c084 (base 14) to base 3.
120022111100210
Convert -387396 (base 12) to base 10.
-925026
What is 11221222123 (base 5) in base 7?
212526643
-1003233313 (base 5) to base 8
-7523007
1101101100010000011010 (base 2) to base 9
6670340
Convert -90edd1 (base 16) to base 2.
-100100001110110111010001
What is -12a2332 (base 11) in base 4?
-20203220331
Convert 4a86a0 (base 12) to base 11.
7617a5
112011320300 (base 4) to base 7
100140125
-12639 (base 10) to base 3
-122100010
Convert -2012034242 (base 5) to base 16.
-3d4f98
What is 2b644 (base 14) in base 10?
108252
What is -120032023 (base 4) in base 9?
-161074
1a595 (base 13) to base 6
1034230
Convert 1482ce (base 15) to base 16.
f194f
-2344a (base 12) to base 14
-1333c
-2629968 (base 11) to base 15
-5eda6c
What is -348337 (base 9) in base 14?
-564c4
Convert -54441 (base 7) to base 2.
-11010100100010
Convert 1000331113 (base 4) to base 14.
6cd71
What is -101100010001010 (base 3) in base 5?
-2401300044
-130140 (base 8) to base 14
-12652
Convert 101010010100111 (base 2) to base 7.
120116
What is -59cb9 (base 14) in base 11?
-13a836
10310332122 (base 4) to base 7
13520454
What is c7f7a (base 16) in base 11?
50a416
62a8b (base 16) to base 4
1202222023
-4d73be (base 16) to base 6
-300443314
Convert 551805 (base 10) to base 3.
1001000221020
Convert a56826 (base 16) to base 9.
22351737
1214463 (base 11) to base 15
2bb656
-10001101100001010011110 (base 2) to base 14
-889dca
Convert -2883 (base 14) to base 12.
-4197
Convert -6b22ba (base 12) to base 10.
-1724974
Convert -16790 (base 13) to base 12.
-20aab
-272245 (base 8) to base 14
-26aa1
-76141 (base 10) to base 11
-5222a
Convert -69109 (base 11) to base 8.
-303163
-1645200 (base 9) to base 2
-11011111100101001010
-11440003 (base 6) to base 7
-3040653
Convert -1569 (base 13) to base 3.
-11021220
What is -22432301 (base 5) in base 12?
-99021
What is 100011010101011100111 (base 2) i